{"id":2816,"date":"2025-07-29T22:46:58","date_gmt":"2025-07-29T22:46:58","guid":{"rendered":"https:\/\/ghettos2fada.fr\/?post_type=product&#038;p=2816"},"modified":"2025-09-25T08:18:29","modified_gmt":"2025-09-25T08:18:29","slug":"brand-rk822","status":"publish","type":"product","link":"https:\/\/ghettos2fada.fr\/index.php\/produit\/brand-rk822\/","title":{"rendered":"Brand RK822"},"content":{"rendered":"<p>Le Brandt RK-822 est plus connu chez les collectionneurs sous le nom de \u00ab\u00a0Tokyo Conqueror\u00a0\u00bb. Imposant visuellement, ce boombox de milieu de gamme a \u00e9t\u00e9 vendu \u00e0 travers le monde sous diff\u00e9rentes r\u00e9f\u00e9rences (en marque grise donc).<\/p>\n<p>Sa particularit\u00e9 r\u00e9side dans ses deux platines cassettes, agenc\u00e9es de fa\u00e7on originale (une au-dessus de chaque haut-parleur) .\u00a0 S\u2019il n\u2019a pas de Dolby ni de raffinements hi-fi, il mise sur son look \u201cghettoblaster\u201d et sur un volume sonore cons\u00e9quent pour s\u00e9duire. Malgr\u00e9 des mat\u00e9riaux un peu plus l\u00e9gers en comparaison de marques japonaises, ce Brandt offre une bonne pr\u00e9sence des basses. Le seul Brandt qui sort du lot !<\/p>\n","protected":false},"excerpt":{"rendered":"<p>Le Brandt RK-822 est plus connu chez les collectionneurs sous le nom de \u00ab\u00a0Tokyo Conqueror\u00a0\u00bb. Imposant visuellement, [&hellip;]<\/p>\n","protected":false},"featured_media":3134,"comment_status":"open","ping_status":"closed","template":"","meta":[],"product_brand":[],"product_cat":[36],"product_tag":[],"class_list":{"0":"post-2816","1":"product","2":"type-product","3":"status-publish","4":"has-post-thumbnail","6":"product_cat-non-classe","8":"first","9":"instock","10":"shipping-taxable","11":"product-type-simple"},"_links":{"self":[{"href":"https:\/\/ghettos2fada.fr\/index.php\/wp-json\/wp\/v2\/product\/2816","targetHints":{"allow":["GET"]}}],"collection":[{"href":"https:\/\/ghettos2fada.fr\/index.php\/wp-json\/wp\/v2\/product"}],"about":[{"href":"https:\/\/ghettos2fada.fr\/index.php\/wp-json\/wp\/v2\/types\/product"}],"replies":[{"embeddable":true,"href":"https:\/\/ghettos2fada.fr\/index.php\/wp-json\/wp\/v2\/comments?post=2816"}],"wp:featuredmedia":[{"embeddable":true,"href":"https:\/\/ghettos2fada.fr\/index.php\/wp-json\/wp\/v2\/media\/3134"}],"wp:attachment":[{"href":"https:\/\/ghettos2fada.fr\/index.php\/wp-json\/wp\/v2\/media?parent=2816"}],"wp:term":[{"taxonomy":"product_brand","embeddable":true,"href":"https:\/\/ghettos2fada.fr\/index.php\/wp-json\/wp\/v2\/product_brand?post=2816"},{"taxonomy":"product_cat","embeddable":true,"href":"https:\/\/ghettos2fada.fr\/index.php\/wp-json\/wp\/v2\/product_cat?post=2816"},{"taxonomy":"product_tag","embeddable":true,"href":"https:\/\/ghettos2fada.fr\/index.php\/wp-json\/wp\/v2\/product_tag?post=2816"}],"curies":[{"name":"wp","href":"https:\/\/api.w.org\/{rel}","templated":true}]}}